z = x + 4*x - 79, -z - 32 = -2*x. Let g = x + -15. Suppose g = -v + 3*v - 4*a, 56 = 5*v + 4*a. What is the highest common factor of 32 and v?
8
Let f = 108 + -11. Let z = 331 - f. What is the greatest common divisor of z and 26?
26
Let u = 180 - 74. Let s = u - 96. Suppose 46 = 4*w - 0*g - g, g = w - s. What is the greatest common factor of 24 and w?
12
Let d(a) = -1134*a - 5229. Let s be d(-6). What is the highest common factor of s and 126?
63
Let p(v) = -51*v - 4016. Let n be p(-86). Suppose 0 = -6*u + 2*u + 40. What is the highest common factor of u and n?
10
Suppose 54*b + 8008 = 131*b. Calculate the highest common factor of b and 65.
13
Suppose -q - 4*j = -5*q + 1612, 5*q + 3*j - 2055 = 0. Suppose -3*c = -x + 241 + 167, 5*c = x - q. Calculate the greatest common factor of 24 and x.
24
Let r be 3344/11 + 7 + (-11 - -6). What is the greatest common divisor of 850 and r?
34
Let n(f) be the third derivative of -3*f**6/40 - f**5/60 + 35*f**4/24 + 31*f**3/3 + 280*f**2. Let b be n(-2). What is the greatest common divisor of 42 and b?
6
Suppose 5*q - 20165 = -5*u, 170 = -q + u + 4193. What is the highest common divisor of 76 and q?
76
Let w(u) = 6*u**2 + 146*u + 35. Let r be w(-24). Let j be 5156/6 + r/(624/(-32)). Calculate the greatest common factor of j and 86.
86
Let t = -197 - -793. Suppose 3*u = -5*f + 612, 5*f - 2*u = -u + t. Calculate the highest common divisor of 390 and f.
30
Suppose 4*c = 7*c - 48. Let w(g) = g**3 - 13*g**2 + 21*g + 15. Let v be w(13). Suppose 46*o + v = 48*o. What is the highest common factor of c and o?
16
Suppose 0 = -4*i + 9 + 11. Suppose l - 43 = -5*n, 100 = i*l + n + n. Calculate the greatest common factor of l and 288.
18
Let w be (8 + -10)*-2 + 241. Suppose -l + 43 = -27. Calculate the greatest common factor of w and l.
35
Let i(m) = 3*m**3 + 69*m**2 - 336*m - 44. Let s be i(-27). Calculate the highest common factor of s and 8680.
280
Let a = -296 + 170. Let m = a - -222. Calculate the highest common factor of m and 32.
32
Let t = -4198 - -4878. What is the highest common divisor of 238 and t?
34
Suppose n - 5*n = -240. Suppose -f + 3*f + a - n = 0, -5*a - 180 = -5*f. Let t(b) = 7*b - 143. Let r be t(25). Calculate the greatest common divisor of r and f.
32
Let o be (-8)/(-44) - (-3840)/2112. Calculate the highest common divisor of 1418 and o.
2
Suppose -102*y + 9311 = -14557. Let s(k) = -k**3 + 8*k**2 - 4*k - 3. Let p be s(5). Calculate the highest common divisor of y and p.
26
Suppose 0 = -25*u - 92*u + 278 + 3700. Suppose 0 = c - 5, 4*r - 224 = -4*c. What is the highest common factor of r and u?
17
Let j(y) = y - 5. Let o(m) = -2*m**2 + 17*m - 4. Let w be o(7). Let k be j(w). Calculate the highest common factor of k and 192.
12
Let r be 17 + 7/(84/24). What is the highest common factor of 131 and r?
1
Suppose -4*t = 3*r - t - 51, 0 = -4*r + t + 78. Suppose -21*q + r*q + 122 = 0. Let f = -56 + q. Calculate the highest common factor of f and 40.
5
Let l be 8/44 + (-31)/(-22)*2. Suppose -8*q - 2*p = -7*q - 8, 2*q = l*p + 44. What is the greatest common divisor of 1 and q?
1
Suppose -71*z + 65 = -68*z + 4*d, -4*z - 3*d + 75 = 0. What is the highest common factor of z and 655?
5
Suppose 0 = x + 4*x - 1350. Let n be (x/25)/3*55. Calculate the greatest common factor of n and 22.
22
Let d be -8*(28/32)/7 - -7. Let p be (-4)/(-22) + 348/22. What is the highest common divisor of d and p?
2
Let u(q) = -7*q**2 + q - 2. Let w be u(3). Let b = -24 - w. Calculate the highest common divisor of b and 114.
38
Let j = -4429 + 9829. What is the highest common factor of 27 and j?
27
Suppose 4*o - z - 3*z - 32 = 0, 0 = -3*o - 5*z + 64. Let u = -594 + 724. What is the highest common divisor of u and o?
13
Let k(a) = a**2 + a - 6. Suppose 0 = 48*s - 47*s + 44. Let l = s + 48. Let x be k(l). What is the highest common factor of x and 56?
14
Let h = -640 - -654. Suppose h*r - 6*r - 408 = 0. Let c be (-11)/(-3) + 4/(-6). What is the greatest common divisor of r and c?
3
Suppose 8*l = 3*l + 60. Let m be (-5)/((-15)/(-48)) + -4. Let x be l*(m/30)/((-2)/9). What is the highest common divisor of 24 and x?
12
Let w(l) = -33*l + 9. Let k be w(-3). Let i(d) = -d - 12. Let q be i(-14). Let f be (q*-4)/((-6)/54). What is the greatest common factor of f and k?
36
Let l be (171/(-5))/(-9) + (-2)/(-10). Suppose l*n = -9*n + 728. What is the highest common factor of n and 14?
14
Let l be ((-680)/(-50) - 19)/(2 + (-102)/50). Calculate the greatest common factor of l and 324.
27
Suppose -2*h - r = -588, 3*h + 2*r = 996 - 113. Let d = 381 - h. Calculate the greatest common divisor of 24 and d.
8
Let n(w) = -w**3 + 23*w**2 + 23*w + 12. Let g be n(24). Let u be 7 + g/4 - 2. Let a = 14 - -2. What is the highest common factor of u and a?
2
Let h be 0/1*((-3)/(-2) + -2). Suppose h = -o + 128 - 23. Let p(x) = -2*x + 5. Let l be p(-5). Calculate the greatest common divisor of l and o.
15
Let s(j) = 30*j**2 + 40*j + 14. Let z be s(4). What is the highest common divisor of 96 and z?
6
Let r(c) = 233*c**3 + 3*c**2 - c - 1. Let w be r(1). Suppose 6*d - 21 = 15. Suppose -d*m - 312 = -18*m. Calculate the highest common divisor of m and w.
26
Let d be ((-720)/(-25))/(3*(-1)/(-15)). Let l be (10 + -2)/(4/2). Let p be l/(-18) + (-164)/(-9). Calculate the greatest common factor of d and p.
18
Let x = 10 - -2. Suppose -p = -185 + 83. Suppose 98*m - p*m = -24. What is the greatest common divisor of m and x?
6
Suppose -99 = -5*y + 211. Let c = -63 + y. Let q be (-33)/(-22) - c/(-2). What is the greatest common divisor of 7 and q?
1
Suppose -2*c = -2*u + 4718, 38*u + 5*c = 34*u + 9382. Calculate the highest common factor of u and 26.
13
Let x(n) = -121*n - 818. Let z be x(-8). Calculate the greatest common divisor of z and 3450.
150
Let p(r) = -119*r - 3212. Let t be p(-30). Calculate the greatest common factor of t and 8055.
179
Suppose 3*b + c - 27 + 8 = 0, -28 = -4*c. What is the highest common divisor of b and 916?
4
Let i = -883 - -878. Let o(q) = -3*q**3 + 2*q**2 - q - 2. Let t be o(i). What is the highest common factor of 4 and t?
4
Let n = 6713 - 1036. What is the greatest common divisor of 14 and n?
7
Let g be (-14)/18 + 82/(-369) + 37. Suppose 2*a - 14 = -0*a. Suppose -a*k + g = 2*k. What is the greatest common factor of 20 and k?
4
Let d be 6*(-10)/720 - (580/(-48) + -4). What is the highest common factor of d and 296?
8
Suppose 70*s + 6788 - 79868 = 0. What is the greatest common divisor of 108 and s?
36
Suppose -471 = 6*u - 1551. Calculate the greatest common divisor of u and 160.
20
Suppose 2*z = -2*f + f + 32, 4*f - 112 = -4*z. Suppose 5*n = f + 1. Suppose 0 = -a - n*a + 462. What is the highest common divisor of a and 11?
11
Let h = -49 + 49. Suppose h*u = -u - 5*j + 129, 2*j = 2*u - 198. Let n = -32 + 45. Calculate the highest common factor of n and u.
13
Suppose 149*u - 7560 = 67*u + 47*u. What is the greatest common factor of u and 18684?
108
Let w = -230 - -502. Suppose 12*k = 8*k + w. Let n = k + -12. What is the greatest common divisor of 7 and n?
7
Let c be (-281)/(-3) - 28/42. Let w = c - -397. Let z be w/25 - 2/(-5). What is the highest common factor of z and 4?
4
Suppose 15*o = 433 - 103. Let g = o + 50. What is the greatest common factor of 54 and g?
18
Let h(f) = -f**3 + 14*f**2 - 49*f + 147. Let x be h(7). Calculate the greatest common divisor of 392 and x.
49
Let z be 18/(-8)*(-3 - 1). Let s be 3/(-27) - (-1387)/z. Let k = -8 + 22. Calculate the highest common divisor of s and k.
14
Suppose -9894 + 4954 = -25*k + 9035. Calculate the highest common factor of 301 and k.
43
Suppose 69*i + 5298 - 12376 = 4652. Calculate the highest common divisor of 782 and i.
34
Let g = -162 - -172. Calculate the greatest common factor of g and 355.
5
Suppose -2*r - 2*b = -5*r + 75, 2*r - 4*b - 50 = 0. Suppose r - 2573 = -13*v. What is the greatest common divisor of 49 and v?
49
Suppose -165 = 17*n - 18*n. Calculate the greatest common divisor of 11 and n.
11
Let d = -386 + 390. Let s be (d + 187/(-3))*-3. Calculate the highest common factor of 140 and s.
35
Suppose -f + 53 = -z, -116 = -2*f + 2*z + 2*z. Suppose 3*a = -26*a + 92162. Suppose -28*r - 1162 + a = 0. What is the highest common factor of f and r?
24
Let z(b) = -7*b + 11. Let l be z(-10). Suppos